 factors of 176993.
379, 467
What are the prime factors of 89625?
3, 5, 239
List the prime factors of 2166520.
2, 5, 54163
What are the prime factors of 7113835?
5, 239, 5953
List the prime factors of 23693426.
2, 11846713
List the prime factors of 140962.
2, 70481
List the prime factors of 13737342.
2, 3, 19, 120503
What are the prime factors of 99175?
5, 3967
What are the prime factors of 276066?
2, 3, 7, 313
What are the prime factors of 718621?
718621
List the prime factors of 233443.
7, 33349
List the prime factors of 1522714.
2, 761357
List the prime factors of 724020.
2, 3, 5, 11, 1097
List the prime factors of 25371146.
2, 12685573
What are the prime factors of 11113998?
2, 3, 7, 264619
List the prime factors of 1544844.
2, 3, 7, 53, 347
What are the prime factors of 4840940?
2, 5, 13, 43, 433
List the prime factors of 4945445.
5, 113, 8753
What are the prime factors of 889217?
7, 127031
List the prime factors of 11439247.
43, 266029
What are the prime factors of 13763156?
2, 11, 312799
List the prime factors of 39074003.
157, 248879
What are the prime factors of 4536906?
2, 3, 11, 53, 1297
List the prime factors of 182879.
43, 4253
List the prime factors of 77628.
2, 3, 6469
List the prime factors of 126316.
2, 23, 1373
List the prime factors of 32335993.
32335993
List the prime factors of 10139748.
2, 3, 53, 107, 149
List the prime factors of 11669625.
3, 5, 11, 23, 41
List the prime factors of 2143252.
2, 127, 4219
What are the prime factors of 971607?
3, 7, 13, 3559
What are the prime factors of 15036?
2, 3, 7, 179
What are the prime factors of 619187?
619187
What are the prime factors of 12323559?
3, 97, 42349
What are the prime factors of 1615845?
3, 5, 7, 11, 1399
What are the prime factors of 1325991?
3, 19, 43, 541
What are the prime factors of 6920854?
2, 3460427
What are the prime factors of 2240195?
5, 19, 23581
What are the prime factors of 15993703?
11, 29, 181, 277
List the prime factors of 405857.
405857
What are the prime factors of 2341754?
2, 229, 5113
What are the prime factors of 89822?
2, 97, 463
What are the prime factors of 159749?
17, 9397
List the prime factors of 2278867.
17, 37, 3623
What are the prime factors of 63384?
2, 3, 19, 139
What are the prime factors of 721929?
3, 13, 107, 173
List the prime factors of 57352.
2, 67, 107
What are the prime factors of 3827721?
3, 19, 67153
List the prime factors of 209792.
2, 11, 149
List the prime factors of 17062234.
2, 7, 1218731
List the prime factors of 3515134.
2, 7, 251081
What are the prime factors of 500471?
500471
List the prime factors of 65949.
3, 13, 19, 89
List the prime factors of 15914334.
2, 3, 2652389
List the prime factors of 3588621.
3, 23, 52009
List the prime factors of 2159425.
5, 17, 5081
What are the prime factors of 1012781?
7, 11, 1879
List the prime factors of 7137370.
2, 5, 713737
What are the prime factors of 5778307?
31, 186397
What are the prime factors of 78926?
2, 19, 31, 67
List the prime factors of 1926444.
2, 3, 13, 53, 233
What are the prime factors of 43074?
2, 3, 2393
What are the prime factors of 170357?
11, 17, 911
What are the prime factors of 549484?
2, 13, 10567
What are the prime factors of 11262577?
41, 274697
What are the prime factors of 513279?
3, 13, 41, 107
List the prime factors of 1208247.
3, 487, 827
List the prime factors of 341906.
2, 170953
List the prime factors of 501257.
501257
List the prime factors of 17597665.
5, 3519533
List the prime factors of 771800.
2, 5, 17, 227
List the prime factors of 353416.
2, 7, 6311
What are the prime factors of 16045836?
2, 3, 1337153
What are the prime factors of 667191?
3, 7, 31771
List the prime factors of 4014664.
2, 113, 4441
What are the prime factors of 984081?
3, 7, 46861
What are the prime factors of 16113501?
3, 17, 19, 23, 241
What are the prime factors of 21255809?
53, 401053
What are the prime factors of 3607827?
3, 1202609
What are the prime factors of 10082316?
2, 3, 31, 27103
List the prime factors of 299026.
2, 7, 13, 31, 53
What are the prime factors of 594928?
2, 19, 103
List the prime factors of 290932.
2, 72733
List the prime factors of 6757408.
2, 7, 97, 311
List the prime factors of 814342.
2, 41, 9931
What are the prime factors of 351285?
3, 5, 11, 2129
List the prime factors of 32724130.
2, 5, 103, 31771
What are the prime factors of 4028010?
2, 3, 5, 7, 19181
What are the prime factors of 1112241?
3, 13, 19, 79
List the prime factors of 3898952.
2, 19, 113, 227
What are the prime factors of 8474726?
2, 13, 325951
List the prime factors of 3309224.
2, 413653
List the prime factors of 331612.
2, 82903
List the prime factors of 8047056.
2, 3, 23, 37, 197
What are the prime factors of 291659?
53, 5503
What are the prime factors of 4105876?
2, 223, 4603
What are the prime factors of 402571?
13, 173, 179
List the prime factors of 15567733.
17, 947, 967
List the prime factors of 21231942.
2, 3, 97, 191
List the prime factors of 2963074.
2, 1481537
What are the prime factors of 3305461?
41, 80621
What are the prime factors of 1341370?
2, 5, 31, 4327
List the prime factors of 8902767.
3, 61, 48649
What are the prime factors of 9961032?
2, 3, 41, 53, 191
What are the prime factors of 2266101?
3, 251789
List the prime factors of 333898.
2, 166949
What are the prime factors of 338938?
2, 137, 1237
List the prime factors of 6062213.
6062213
List the prime factors of 23298348.
2, 3, 787, 2467
List the prime factors of 3731356.
2, 932839
List the prime factors of 15662467.
449, 34883
What are the prime factors of 2084425?
5, 7, 43, 277
List the prime factors of 1148465.
5, 229693
List the prime factors of 4475952.
2, 3, 13, 797
List the prime factors of 72147.
3, 24049
List the prime factors of 40093025.
5, 7, 23, 1423
List the prime factors of 336798.
2, 3, 7, 11
What are the prime factors of 15474870?
2, 3, 5, 139, 1237
What are the prime factors of 920311?
7, 73, 1801
List the prime factors of 669488.
2, 41843
What are the prime factors of 130607?
131, 997
List the prime factors of 5043287.
41, 123007
List the prime factors of 182428.
2, 59, 773
List the prime factors of 2157230.
2, 5, 215723
List the prime factors of 9859930.
2, 5, 985993
List the prime factors of 3916504.
2, 79, 6197
List the prime factors of 16537879.
631, 26209
List the prime factors of 16029182.
2, 13, 616507
What are the prime factors of 9670?
2, 5, 967
What are the prime factors of 495074?
2, 17, 14561
What are the prime factors of 291618?
2, 3, 17, 953
What are the prime factors of 369658?
2, 184829
What are the prime factors of 6685188?
2, 3, 19, 109, 269
List the prime factors of 229584.
2, 3, 4783
List the prime factors of 1327723.
227, 5849
List the prime factors of 2106300.
2, 3, 5, 7, 17, 59
What are the prime factors of 1660779?
3, 127, 1453
What are the prime factors of 3937198?
2, 1968599
List the prime factors of 3387051.
3, 41, 67, 137
List the prime factors of 1608516.
2, 3, 7, 13, 491
List the prime factors of 2297809.
61, 139, 271
What are the prime factors of 13050052?
2, 743, 4391
List the prime factors of 213333.
3, 17, 47, 89
What are the prime factors of 1815861?
3, 499, 1213
What are the prime factors of 151756?
2, 11, 3449
List the prime factors of 16548251.
16548251
What are the prime factors of 26776539?
3, 2975171
What are the prime factors of 4243280?
2, 5, 29, 31, 59
List the prime factors of 563251.
13, 37, 1171
What are the prime factors of 2249573?
101, 22273
List the prime factors of 2182785.
3, 5, 11, 13229
List the prime factors of 3625160.
2, 5, 7, 11, 107
What are the prime factors of 223847?
13, 67, 257
What are the prime factors of 984419?
17, 79, 733
What are the prime factors of 158009?
158009
List the prime factors of 21344747.
131, 162937
List the prime factors of 263764.
2, 23, 47, 61
List the prime factors of 36115.
5, 31, 233
List the prime factors of 681640.
2, 5, 17041
What are the prime factors of 10614513?
3, 7, 13, 59, 659
List the prime factors of 230849.
230849
List the prime factors of 4221791.
7, 29, 2971
List the prime factors of 17648967.
3, 7, 19, 71, 89
List the prime factors of 236621.
7, 11, 439
What are the prime factors of 1509810?
2, 3, 5, 59, 853
List the prime factors of 904712.
2, 113089
List the prime factors of 3586